{"id":59928,"date":"2021-06-17T11:52:37","date_gmt":"2021-06-17T09:52:37","guid":{"rendered":"https:\/\/ohreallystuff.com\/?post_type=product&#038;p=59928"},"modified":"2025-09-22T22:26:08","modified_gmt":"2025-09-22T20:26:08","slug":"serre-tete-vichy-bleu","status":"publish","type":"product","link":"https:\/\/ohreallystuff.com\/en\/product\/serre-tete-vichy-bleu\/","title":{"rendered":"Claudia &#8211; blue"},"content":{"rendered":"<p>A star is born : meet Claudia, the blue gingham headband with its pretty bow ! Ready to ship, this unique model is entirely hand-sewn &#8211; an essential for shrutting your stuff without overdoing it.<\/p>\n<p>&nbsp;<\/p>\n<p>Claudia can be worn with a light little dress, a long velvet sheath or a 50&#8217;s shirt : whatever the occasion, this headband will be the icing on the cake !<\/p>\n<p>&nbsp;<\/p>\n<ul>\n<li>Entirely handmade in Belgium.<\/li>\n<li>Made from blue gingham cotton.<\/li>\n<li>Bow : app. 19cm\/7,5in.<\/li>\n<li>Diameter :\u00a0 2.5cm\/1in.<\/li>\n<li>Standard adult size.<\/li>\n<li>Certificate of authenticity provided.<\/li>\n<\/ul>\n<p>&nbsp;<\/p>\n<p>Any question? Please sent a message via the contact form !<\/p>","protected":false},"excerpt":{"rendered":"<p>&nbsp;<\/p>\n<p>Rock, roll and swing with Claudia!\u00a0Don&#8217;t hesitate : this timeless gingham alice band will bring you a retro flavour all summer long. So&#8230; ready for that Sunday night dance?<\/p>\n<p>Entirely hand-stitched in my Brussels workshop.<\/p>\n<p>&nbsp;<\/p>\n<p><img loading=\"lazy\" decoding=\"async\" class=\"alignnone size-medium wp-image-240660\" src=\"https:\/\/ohreallystuff.com\/wp-content\/uploads\/2021\/06\/boutique-icones-anglais-1-300x131.jpg\" alt=\"\" width=\"300\" height=\"131\" srcset=\"https:\/\/ohreallystuff.com\/wp-content\/uploads\/2021\/06\/boutique-icones-anglais-1-300x131.jpg 300w, https:\/\/ohreallystuff.com\/wp-content\/uploads\/2021\/06\/boutique-icones-anglais-1.jpg 324w\" sizes=\"auto, (max-width: 300px) 100vw, 300px\" \/><\/p>\n<p>&nbsp;<\/p>\n","protected":false},"featured_media":59818,"template":"","meta":[],"product_brand":[],"product_cat":[144,178],"product_tag":[],"class_list":{"0":"post-59928","1":"product","2":"type-product","3":"status-publish","4":"has-post-thumbnail","6":"product_cat-chapeaux-et-coiffes","7":"product_cat-headpieces","9":"first","10":"instock","11":"sold-individually","12":"taxable","13":"shipping-taxable","14":"purchasable","15":"product-type-simple"},"yoast_head":"<!-- This site is optimized with the Yoast SEO plugin v25.8 - https:\/\/yoast.com\/wordpress\/plugins\/seo\/ -->\n<title>Claudia - blue - Hats and fashion accessories<\/title>\n<meta name=\"robots\" content=\"index, follow, max-snippet:-1, max-image-preview:large, max-video-preview:-1\" \/>\n<link rel=\"canonical\" href=\"https:\/\/ohreallystuff.com\/product\/serre-tete-vichy-bleu\/\" \/>\n<meta property=\"og:locale\" content=\"en_US\" \/>\n<meta property=\"og:type\" content=\"article\" \/>\n<meta property=\"og:title\" content=\"[:en]Claudia - blue[:fr]Claudia - bleu[:] - Hats and fashion accessories\" \/>\n<meta property=\"og:description\" content=\"[:en]&nbsp;  Rock, roll and swing with Claudia!\u00a0Don&#039;t hesitate : this timeless gingham alice band will bring you a retro flavour all summer long. So... ready for that Sunday night dance?  Entirely hand-stitched in my Brussels workshop.  &nbsp;    &nbsp;[:fr]&nbsp;  Du rock, du roll et du swing avec Claudia! N&#039;h\u00e9sitez plus : cet ind\u00e9modable serre-t\u00eate en tissu vichy vous apporte un parfum r\u00e9tro pour tout l&#039;\u00e9t\u00e9. Alors, pr\u00eat.e pour ce bal du dimanche soir ?!  Enti\u00e8rement cousu \u00e0 la main dans mon atelier bruxellois.  &nbsp;    &nbsp;[:]\" \/>\n<meta property=\"og:url\" content=\"https:\/\/ohreallystuff.com\/product\/serre-tete-vichy-bleu\/\" \/>\n<meta property=\"og:site_name\" content=\"Hats and fashion accessories\" \/>\n<meta property=\"article:publisher\" content=\"https:\/\/www.facebook.com\/ohreallystuff\" \/>\n<meta property=\"article:modified_time\" content=\"2025-09-22T20:26:08+00:00\" \/>\n<meta property=\"og:image\" content=\"https:\/\/ohreallystuff.com\/wp-content\/uploads\/2021\/06\/serre-tete-vichy-bleu-claudia-7.jpg\" \/>\n\t<meta property=\"og:image:width\" content=\"2448\" \/>\n\t<meta property=\"og:image:height\" content=\"2448\" \/>\n\t<meta property=\"og:image:type\" content=\"image\/jpeg\" \/>\n<meta name=\"twitter:card\" content=\"summary_large_image\" \/>\n<meta name=\"twitter:label1\" content=\"Est. reading time\" \/>\n\t<meta name=\"twitter:data1\" content=\"2 minutes\" \/>\n<script type=\"application\/ld+json\" class=\"yoast-schema-graph\">{\"@context\":\"https:\/\/schema.org\",\"@graph\":[{\"@type\":\"WebPage\",\"@id\":\"https:\/\/ohreallystuff.com\/product\/serre-tete-vichy-bleu\/\",\"url\":\"https:\/\/ohreallystuff.com\/product\/serre-tete-vichy-bleu\/\",\"name\":\"[:en]Claudia - blue[:fr]Claudia - bleu[:] - Hats and fashion accessories\",\"isPartOf\":{\"@id\":\"https:\/\/ohreallystuff.com\/#website\"},\"primaryImageOfPage\":{\"@id\":\"https:\/\/ohreallystuff.com\/product\/serre-tete-vichy-bleu\/#primaryimage\"},\"image\":{\"@id\":\"https:\/\/ohreallystuff.com\/product\/serre-tete-vichy-bleu\/#primaryimage\"},\"thumbnailUrl\":\"https:\/\/ohreallystuff.com\/wp-content\/uploads\/2021\/06\/serre-tete-vichy-bleu-claudia-7.jpg\",\"datePublished\":\"2021-06-17T09:52:37+00:00\",\"dateModified\":\"2025-09-22T20:26:08+00:00\",\"breadcrumb\":{\"@id\":\"https:\/\/ohreallystuff.com\/product\/serre-tete-vichy-bleu\/#breadcrumb\"},\"inLanguage\":\"en-US\",\"potentialAction\":[{\"@type\":\"ReadAction\",\"target\":[\"https:\/\/ohreallystuff.com\/product\/serre-tete-vichy-bleu\/\"]}]},{\"@type\":\"ImageObject\",\"inLanguage\":\"en-US\",\"@id\":\"https:\/\/ohreallystuff.com\/product\/serre-tete-vichy-bleu\/#primaryimage\",\"url\":\"https:\/\/ohreallystuff.com\/wp-content\/uploads\/2021\/06\/serre-tete-vichy-bleu-claudia-7.jpg\",\"contentUrl\":\"https:\/\/ohreallystuff.com\/wp-content\/uploads\/2021\/06\/serre-tete-vichy-bleu-claudia-7.jpg\",\"width\":2448,\"height\":2448,\"caption\":\"Serre-t\u00eate bleu en vichy Claudia\"},{\"@type\":\"BreadcrumbList\",\"@id\":\"https:\/\/ohreallystuff.com\/product\/serre-tete-vichy-bleu\/#breadcrumb\",\"itemListElement\":[{\"@type\":\"ListItem\",\"position\":1,\"name\":\"Home\",\"item\":\"https:\/\/ohreallystuff.com\/\"},{\"@type\":\"ListItem\",\"position\":2,\"name\":\"Boutique en ligne\",\"item\":\"https:\/\/ohreallystuff.com\/boutique-en-ligne-de-chapeaux-retro\/\"},{\"@type\":\"ListItem\",\"position\":3,\"name\":\"Claudia &#8211; bleu\"}]},{\"@type\":\"WebSite\",\"@id\":\"https:\/\/ohreallystuff.com\/#website\",\"url\":\"https:\/\/ohreallystuff.com\/\",\"name\":\"Oh... Really? par Sandra Lacroix\",\"description\":\"Oh... Really? Brussels\",\"publisher\":{\"@id\":\"https:\/\/ohreallystuff.com\/#organization\"},\"potentialAction\":[{\"@type\":\"SearchAction\",\"target\":{\"@type\":\"EntryPoint\",\"urlTemplate\":\"https:\/\/ohreallystuff.com\/?s={search_term_string}\"},\"query-input\":{\"@type\":\"PropertyValueSpecification\",\"valueRequired\":true,\"valueName\":\"search_term_string\"}}],\"inLanguage\":\"en-US\"},{\"@type\":\"Organization\",\"@id\":\"https:\/\/ohreallystuff.com\/#organization\",\"name\":\"Oh Really Sandra lacroix\",\"url\":\"https:\/\/ohreallystuff.com\/\",\"logo\":{\"@type\":\"ImageObject\",\"inLanguage\":\"en-US\",\"@id\":\"https:\/\/ohreallystuff.com\/#\/schema\/logo\/image\/\",\"url\":\"https:\/\/ohreallystuff.com\/wp-content\/uploads\/2014\/12\/logo-slider-ok.png\",\"contentUrl\":\"https:\/\/ohreallystuff.com\/wp-content\/uploads\/2014\/12\/logo-slider-ok.png\",\"width\":350,\"height\":484,\"caption\":\"Oh Really Sandra lacroix\"},\"image\":{\"@id\":\"https:\/\/ohreallystuff.com\/#\/schema\/logo\/image\/\"},\"sameAs\":[\"https:\/\/www.facebook.com\/ohreallystuff\",\"https:\/\/www.instagram.com\/ohreallystuff\/\"]}]}<\/script>\n<!-- \/ Yoast SEO plugin. -->","yoast_head_json":{"title":"[:en]Claudia - blue[:fr]Claudia - bleu[:] - Hats and fashion accessories","robots":{"index":"index","follow":"follow","max-snippet":"max-snippet:-1","max-image-preview":"max-image-preview:large","max-video-preview":"max-video-preview:-1"},"canonical":"https:\/\/ohreallystuff.com\/product\/serre-tete-vichy-bleu\/","og_locale":"en_US","og_type":"article","og_title":"[:en]Claudia - blue[:fr]Claudia - bleu[:] - Hats and fashion accessories","og_description":"[:en]&nbsp;  Rock, roll and swing with Claudia!\u00a0Don't hesitate : this timeless gingham alice band will bring you a retro flavour all summer long. So... ready for that Sunday night dance?  Entirely hand-stitched in my Brussels workshop.  &nbsp;    &nbsp;[:fr]&nbsp;  Du rock, du roll et du swing avec Claudia! N'h\u00e9sitez plus : cet ind\u00e9modable serre-t\u00eate en tissu vichy vous apporte un parfum r\u00e9tro pour tout l'\u00e9t\u00e9. Alors, pr\u00eat.e pour ce bal du dimanche soir ?!  Enti\u00e8rement cousu \u00e0 la main dans mon atelier bruxellois.  &nbsp;    &nbsp;[:]","og_url":"https:\/\/ohreallystuff.com\/product\/serre-tete-vichy-bleu\/","og_site_name":"Hats and fashion accessories","article_publisher":"https:\/\/www.facebook.com\/ohreallystuff","article_modified_time":"2025-09-22T20:26:08+00:00","og_image":[{"width":2448,"height":2448,"url":"https:\/\/ohreallystuff.com\/wp-content\/uploads\/2021\/06\/serre-tete-vichy-bleu-claudia-7.jpg","type":"image\/jpeg"}],"twitter_card":"summary_large_image","twitter_misc":{"Est. reading time":"2 minutes"},"schema":{"@context":"https:\/\/schema.org","@graph":[{"@type":"WebPage","@id":"https:\/\/ohreallystuff.com\/product\/serre-tete-vichy-bleu\/","url":"https:\/\/ohreallystuff.com\/product\/serre-tete-vichy-bleu\/","name":"[:en]Claudia - blue[:fr]Claudia - bleu[:] - Hats and fashion accessories","isPartOf":{"@id":"https:\/\/ohreallystuff.com\/#website"},"primaryImageOfPage":{"@id":"https:\/\/ohreallystuff.com\/product\/serre-tete-vichy-bleu\/#primaryimage"},"image":{"@id":"https:\/\/ohreallystuff.com\/product\/serre-tete-vichy-bleu\/#primaryimage"},"thumbnailUrl":"https:\/\/ohreallystuff.com\/wp-content\/uploads\/2021\/06\/serre-tete-vichy-bleu-claudia-7.jpg","datePublished":"2021-06-17T09:52:37+00:00","dateModified":"2025-09-22T20:26:08+00:00","breadcrumb":{"@id":"https:\/\/ohreallystuff.com\/product\/serre-tete-vichy-bleu\/#breadcrumb"},"inLanguage":"en-US","potentialAction":[{"@type":"ReadAction","target":["https:\/\/ohreallystuff.com\/product\/serre-tete-vichy-bleu\/"]}]},{"@type":"ImageObject","inLanguage":"en-US","@id":"https:\/\/ohreallystuff.com\/product\/serre-tete-vichy-bleu\/#primaryimage","url":"https:\/\/ohreallystuff.com\/wp-content\/uploads\/2021\/06\/serre-tete-vichy-bleu-claudia-7.jpg","contentUrl":"https:\/\/ohreallystuff.com\/wp-content\/uploads\/2021\/06\/serre-tete-vichy-bleu-claudia-7.jpg","width":2448,"height":2448,"caption":"Serre-t\u00eate bleu en vichy Claudia"},{"@type":"BreadcrumbList","@id":"https:\/\/ohreallystuff.com\/product\/serre-tete-vichy-bleu\/#breadcrumb","itemListElement":[{"@type":"ListItem","position":1,"name":"Home","item":"https:\/\/ohreallystuff.com\/"},{"@type":"ListItem","position":2,"name":"Boutique en ligne","item":"https:\/\/ohreallystuff.com\/boutique-en-ligne-de-chapeaux-retro\/"},{"@type":"ListItem","position":3,"name":"Claudia &#8211; bleu"}]},{"@type":"WebSite","@id":"https:\/\/ohreallystuff.com\/#website","url":"https:\/\/ohreallystuff.com\/","name":"Oh... Really? par Sandra Lacroix","description":"Oh... Really? Brussels","publisher":{"@id":"https:\/\/ohreallystuff.com\/#organization"},"potentialAction":[{"@type":"SearchAction","target":{"@type":"EntryPoint","urlTemplate":"https:\/\/ohreallystuff.com\/?s={search_term_string}"},"query-input":{"@type":"PropertyValueSpecification","valueRequired":true,"valueName":"search_term_string"}}],"inLanguage":"en-US"},{"@type":"Organization","@id":"https:\/\/ohreallystuff.com\/#organization","name":"Oh Really Sandra lacroix","url":"https:\/\/ohreallystuff.com\/","logo":{"@type":"ImageObject","inLanguage":"en-US","@id":"https:\/\/ohreallystuff.com\/#\/schema\/logo\/image\/","url":"https:\/\/ohreallystuff.com\/wp-content\/uploads\/2014\/12\/logo-slider-ok.png","contentUrl":"https:\/\/ohreallystuff.com\/wp-content\/uploads\/2014\/12\/logo-slider-ok.png","width":350,"height":484,"caption":"Oh Really Sandra lacroix"},"image":{"@id":"https:\/\/ohreallystuff.com\/#\/schema\/logo\/image\/"},"sameAs":["https:\/\/www.facebook.com\/ohreallystuff","https:\/\/www.instagram.com\/ohreallystuff\/"]}]}},"_links":{"self":[{"href":"https:\/\/ohreallystuff.com\/en\/wp-json\/wp\/v2\/product\/59928","targetHints":{"allow":["GET"]}}],"collection":[{"href":"https:\/\/ohreallystuff.com\/en\/wp-json\/wp\/v2\/product"}],"about":[{"href":"https:\/\/ohreallystuff.com\/en\/wp-json\/wp\/v2\/types\/product"}],"wp:featuredmedia":[{"embeddable":true,"href":"https:\/\/ohreallystuff.com\/en\/wp-json\/wp\/v2\/media\/59818"}],"wp:attachment":[{"href":"https:\/\/ohreallystuff.com\/en\/wp-json\/wp\/v2\/media?parent=59928"}],"wp:term":[{"taxonomy":"product_brand","embeddable":true,"href":"https:\/\/ohreallystuff.com\/en\/wp-json\/wp\/v2\/product_brand?post=59928"},{"taxonomy":"product_cat","embeddable":true,"href":"https:\/\/ohreallystuff.com\/en\/wp-json\/wp\/v2\/product_cat?post=59928"},{"taxonomy":"product_tag","embeddable":true,"href":"https:\/\/ohreallystuff.com\/en\/wp-json\/wp\/v2\/product_tag?post=59928"}],"curies":[{"name":"wp","href":"https:\/\/api.w.org\/{rel}","templated":true}]}}

<!-- This site is optimized with the Yoast SEO plugin v25.8 - https://yoast.com/wordpress/plugins/seo/ -->
<title>Claudia - blue - Hats and fashion accessories</title>
<meta name="robots" content="index, follow, max-snippet:-1, max-image-preview:large, max-video-preview:-1" />
<link rel="canonical" href="https://ohreallystuff.com/product/serre-tete-vichy-bleu/" />
<meta property="og:locale" content="en_US" />
<meta property="og:type" content="article" />
<meta property="og:title" content="[:en]Claudia - blue[:fr]Claudia - bleu[:] - Hats and fashion accessories" />
<meta property="og:description" content="[:en]&nbsp;  Rock, roll and swing with Claudia! Don&#039;t hesitate : this timeless gingham alice band will bring you a retro flavour all summer long. So... ready for that Sunday night dance?  Entirely hand-stitched in my Brussels workshop.  &nbsp;    &nbsp;[:fr]&nbsp;  Du rock, du roll et du swing avec Claudia! N&#039;hésitez plus : cet indémodable serre-tête en tissu vichy vous apporte un parfum rétro pour tout l&#039;été. Alors, prêt.e pour ce bal du dimanche soir ?!  Entièrement cousu à la main dans mon atelier bruxellois.  &nbsp;    &nbsp;[:]" />
<meta property="og:url" content="https://ohreallystuff.com/product/serre-tete-vichy-bleu/" />
<meta property="og:site_name" content="Hats and fashion accessories" />
<meta property="article:publisher" content="https://www.facebook.com/ohreallystuff" />
<meta property="article:modified_time" content="2025-09-22T20:26:08+00:00" />
<meta property="og:image" content="https://ohreallystuff.com/wp-content/uploads/2021/06/serre-tete-vichy-bleu-claudia-7.jpg" />
	<meta property="og:image:width" content="2448" />
	<meta property="og:image:height" content="2448" />
	<meta property="og:image:type" content="image/jpeg" />
<meta name="twitter:card" content="summary_large_image" />
<meta name="twitter:label1" content="Est. reading time" />
	<meta name="twitter:data1" content="2 minutes" />
<script type="application/ld+json" class="yoast-schema-graph">{"@context":"https://schema.org","@graph":[{"@type":"WebPage","@id":"https://ohreallystuff.com/product/serre-tete-vichy-bleu/","url":"https://ohreallystuff.com/product/serre-tete-vichy-bleu/","name":"[:en]Claudia - blue[:fr]Claudia - bleu[:] - Hats and fashion accessories","isPartOf":{"@id":"https://ohreallystuff.com/#website"},"primaryImageOfPage":{"@id":"https://ohreallystuff.com/product/serre-tete-vichy-bleu/#primaryimage"},"image":{"@id":"https://ohreallystuff.com/product/serre-tete-vichy-bleu/#primaryimage"},"thumbnailUrl":"https://ohreallystuff.com/wp-content/uploads/2021/06/serre-tete-vichy-bleu-claudia-7.jpg","datePublished":"2021-06-17T09:52:37+00:00","dateModified":"2025-09-22T20:26:08+00:00","breadcrumb":{"@id":"https://ohreallystuff.com/product/serre-tete-vichy-bleu/#breadcrumb"},"inLanguage":"en-US","potentialAction":[{"@type":"ReadAction","target":["https://ohreallystuff.com/product/serre-tete-vichy-bleu/"]}]},{"@type":"ImageObject","inLanguage":"en-US","@id":"https://ohreallystuff.com/product/serre-tete-vichy-bleu/#primaryimage","url":"https://ohreallystuff.com/wp-content/uploads/2021/06/serre-tete-vichy-bleu-claudia-7.jpg","contentUrl":"https://ohreallystuff.com/wp-content/uploads/2021/06/serre-tete-vichy-bleu-claudia-7.jpg","width":2448,"height":2448,"caption":"Serre-tête bleu en vichy Claudia"},{"@type":"BreadcrumbList","@id":"https://ohreallystuff.com/product/serre-tete-vichy-bleu/#breadcrumb","itemListElement":[{"@type":"ListItem","position":1,"name":"Home","item":"https://ohreallystuff.com/"},{"@type":"ListItem","position":2,"name":"Boutique en ligne","item":"https://ohreallystuff.com/boutique-en-ligne-de-chapeaux-retro/"},{"@type":"ListItem","position":3,"name":"Claudia &#8211; bleu"}]},{"@type":"WebSite","@id":"https://ohreallystuff.com/#website","url":"https://ohreallystuff.com/","name":"Oh... Really? par Sandra Lacroix","description":"Oh... Really? Brussels","publisher":{"@id":"https://ohreallystuff.com/#organization"},"potentialAction":[{"@type":"SearchAction","target":{"@type":"EntryPoint","urlTemplate":"https://ohreallystuff.com/?s={search_term_string}"},"query-input":{"@type":"PropertyValueSpecification","valueRequired":true,"valueName":"search_term_string"}}],"inLanguage":"en-US"},{"@type":"Organization","@id":"https://ohreallystuff.com/#organization","name":"Oh Really Sandra lacroix","url":"https://ohreallystuff.com/","logo":{"@type":"ImageObject","inLanguage":"en-US","@id":"https://ohreallystuff.com/#/schema/logo/image/","url":"https://ohreallystuff.com/wp-content/uploads/2014/12/logo-slider-ok.png","contentUrl":"https://ohreallystuff.com/wp-content/uploads/2014/12/logo-slider-ok.png","width":350,"height":484,"caption":"Oh Really Sandra lacroix"},"image":{"@id":"https://ohreallystuff.com/#/schema/logo/image/"},"sameAs":["https://www.facebook.com/ohreallystuff","https://www.instagram.com/ohreallystuff/"]}]}</script>
<!-- / Yoast SEO plugin. -->

[:en]&nbsp;  Rock, roll and swing with Claudia! Don't hesitate : this timeless gingham alice band will bring you a retro flavour all summer long. So... ready for that Sunday night dance?  Entirely hand-stitched in my Brussels workshop.  &nbsp;    &nbsp;[:fr]&nbsp;  Du rock, du roll et du swing avec Claudia! N'hésitez plus : cet indémodable serre-tête en tissu vichy vous apporte un parfum rétro pour tout l'été. Alors, prêt.e pour ce bal du dimanche soir ?!  Entièrement cousu à la main dans mon atelier bruxellois.  &nbsp;    &nbsp;[:]

Serre-tête bleu en vichy Claudia
